
4
Let w = 77 + -29. Suppose 49*v - 260 = 39*v. Calculate the remainder when w is divided by v.
22
Let f(x) = 9*x - 7*x + x**2 + 26 + 0*x. What is the remainder when f(5) is divided by 21?
19
Suppose 0 = 3*q - 3, -8*q + 16 = 2*m - 4*q. What is the remainder when 328 is divided by m?
4
Let s(f) = 26*f - 59. What is the remainder when s(6) is divided by 33?
31
Suppose -185 = -3*m - 5*h, -7*h - 4 = -5*h. Suppose 63*a = 68*a - m. What is the remainder when a is divided by 9?
4
Let t(j) = -22*j + 5. Suppose -a - 23 = 3*a - 5*f, 2*a - 3*f = -13. What is the remainder when t(a) is divided by 26?
23
Let s(q) = -q**2 + 10*q + 4. Let r be s(9). Suppose r = -3*m - 2. Let j(u) = -11*u - 6. What is the remainder when j(m) is divided by 17?
15
Let i = 1739 - 1541. What is the remainder when i is divided by 23?
14
Let m(b) = 2*b**2 + 1. Suppose -7*d + 2*d = 5. Let a be m(d). Suppose -a*t + 14 = -37. What is the remainder when 31 is divided by t?
14
Suppose 4*f + m = 119 + 182, -3*m = -15. Suppose 88*p - n = 93*p - 101, -4*n = -4. Calculate the remainder when f is divided by p.
14
Let h = -216 + 449. Suppose h = 6*o - 25. What is the remainder when o is divided by 12?
7
Let y(x) = 21*x + 31. What is the remainder when y(6) is divided by 3?
1
Let p(u) = 2*u**3 - 4*u**2 + 4*u - 8. What is the remainder when p(6) is divided by 22?
18
Calculate the remainder when 36/(-8)*(-3 + (-115)/15) is divided by 25.
23
Suppose -5*b - 75 = -305. Suppose 0 = -61*j + 15*j + 782. What is the remainder when b is divided by j?
12
Let a be ((-14)/3)/(6/18). Let y = a - -18. Let f(h) = h**2 - 2*h + 7. Calculate the remainder when 73 is divided by f(y).
13
Suppose 4*s = -17*n + 14*n + 609, -5*s = -4*n - 769. What is the remainder when s is divided by 11?
10
Suppose 56 - 191 = 3*t. Calculate the remainder when 55 is divided by 146/10 + (-18)/t.
10
Suppose 2*r - 59 = -2*d + 97, -d + 156 = 2*r. Calculate the remainder when 387 is divided by r.
75
Suppose -4*c = -21 + 5. Suppose -c*p + 30 = -54. What is the remainder when 39 is divided by p?
18
Let v(t) = t**3 + 3*t**2 + t - 2. Suppose 4*w + w = -10. Let x be v(w). Suppose l - 11 - 3 = x. What is the remainder when 67 is divided by l?
11
Suppose 345 - 45 = 10*j. Calculate the remainder when 118 is divided by j.
28
Let p(n) = -7*n - 21. Let i be p(-14). Let a = 100 - i. Calculate the remainder when a is divided by 13.
10
Calculate the remainder when (-1)/6 + (10 - (-11619)/54) is divided by 59.
48
Let s(k) = -k**2 + 5*k + 16. Let v be s(7). Let a be (2 + -2)*1/v. Suppose -4 = -r - a. Calculate the remainder when 6 is divided by r.
2
Let h be 4/(2 + 98/(-48)). Let g(i) = -i**3 + 29*i**2 - 47*i - 53. Let n be g(27). Let f = h + n. What is the remainder when f is divided by 11?
7
Let h(r) = r**2 + 2*r + 1 - 2 + 0*r. Let g = -2158 + 2160. Calculate the remainder when h(2) is divided by g.
1
Calculate the remainder when 1*30*(-6)/(-4) is divided by 1*30/(-25)*-10.
9
Let t(w) = w - 3. Let q be t(5). Suppose -2*k - q*k = -44. What is the remainder when k is divided by -4*(13/(-91) + 19/(-14))?
5
Let k = -34 + 76. Let c = -53 + 130. Let b = c - k. What is the remainder when 104 is divided by b?
34
Let m(o) = 2*o + 16. Suppose 1 + 51 = 4*c. Suppose -p = -4*p + 33. Calculate the remainder when m(c) is divided by p.
9
Let q be (2 + 2)*1 + -1. Suppose -q*b - b - 192 = 0. Let v = -34 - b. Calculate the remainder when 40 is divided by v.
12
Suppose 325 = 3*y - x, 3*y - 5*x + 9*x = 305. Calculate the remainder when 320 is divided by y.
106
Let q = -113 - -218. Let z = q - 58. Let x = z - 19. Calculate the remainder when 83 is divided by x.
27
Let h = -66 - -69. What is the remainder when h + -6*16/(-6) is divided by 7?
5
What is the remainder when (-3)/((-32)/(-40) - (-1436)/(-1720)) is divided by 40?
6
Let u be (4 + -5)*(-6)/3. Suppose u*b - 54 = b. Let m = b - 31. What is the remainder when 90 is divided by m?
21
Suppose 0 = -6*i + 1343 - 419. What is the remainder when i is divided by 3 + ((-20)/2)/(-5) + 8?
11
Let s = 479 - 474. Calculate the remainder when 71 is divided by s.
1
Let j(l) = 2*l + 4. Let b be (-70)/(-7)*9/6. Suppose b = 3*g - 0*g. What is the remainder when 54 is divided by j(g)?
12
Suppose 5*q = 8 + 12. Suppose -q*r = r - 125. Let o = r - 16. Calculate the remainder when o is divided by 6.
3
Suppose 7 = -3*n + 2*x, -3*n = 3*x - 17 - 1. Suppose g - 2 = -3. What is the remainder when (5 - 4) + 2 + g is divided by n?
0
Suppose -1394*r + 1235 = -1375*r. Let z = -2 + 16. Let n = z - -3. What is the remainder when r is divided by n?
14
Suppose -7*d + 4*k = -10*d + 160, 5*d = 5*k + 255. Calculate the remainder when 207 is divided by d.
51
Let u be (-37 + 4)/(-3) + 2. Suppose -16*a + 27 = -u*a. What is the remainder when 19 is divided by a?
1
Let f(i) = -9*i - 2. Let q = -839 + 1009. Calculate the remainder when q is divided by f(-5).
41
Let s = 291 - 287. What is the remainder when s is divided by 2?
0
Let w(y) = 10 - 32 + 3*y - 15*y. Calculate the remainder when w(-7) is divided by 16.
14
Let v(f) = f**2 + 2*f - 16. Let w be v(9). Let j = w - 41. Calculate the remainder when j is divided by 9.
6
Let s = 31 - -135. Suppose 47*w = 6*w + 1148. Calculate the remainder when s is divided by w.
26
Let u(c) = c**3 + 18*c**2 - c + 19. Let k be u(-18). Let b = -79 + k. Calculate the remainder when 58 is divided by (-4)/(-14) + (-828)/b.
18
Suppose -3*n + 0 + 6 = 0. Suppose n*c + 3*i = -2*i + 55, 2*c - i = 37. Suppose 5*h - 7*h + 114 = 0. What is the remainder when h is divided by c?
17
Suppose a - 636 = 4*z - 1699, -5*a - 15 = 0. Calculate the remainder when z is divided by 49.
20
Let p = 254 + -213. What is the remainder when p is divided by 3?
2
Let x(s) = s**3 + s**2. Let z be x(0). Suppose 9*p - 6*p = z. Suppose -3*i - r + 67 = -5*r, p = 2*r + 2. Calculate the remainder when 40 is divided by i.
19
Calculate the remainder when 874 is divided by 65/(-39) - 672/(-9).
71
Calculate the remainder when 1198 is divided by (16/(-14))/(52/(-182)) - -8.
10
Let w(q) = -q**3 - q**2 - q + 4. Let l be w(0). Suppose -4*x + 4 = -l*g, 4*g = -x - 9 - 0. What is the remainder when 39 is divided by (-36)/(-6)*(x + 2)?
3
Let t be 7/2 + 3/6. Suppose t*y - 93 = 7. Suppose -4*a + 39 + 17 = 0. Calculate the remainder when y is divided by a.
11
Calculate the remainder when 200 is divided by (-3246)/(-50) + 32/400.
5
Suppose -4*b + 1 = -119. Let c be -13 - (11 + -3)/2. Let s = c + b. What is the remainder when 38 is divided by s?
12
Suppose 2 = 5*r + 27, 270 = 5*v - 4*r. Suppose -435 - 17 = -188*i + 1992. Calculate the remainder when v is divided by i.
11
Let x be 3*(-36)/8*-2. Let p = 39 - x. What is the remainder when 94 is divided by p?
10
Suppose 48*t = 25*t + 1012. Calculate the remainder when 120 is divided by t.
32
Suppose 2*s - 42 - 8 = -j, 2*j = -5*s + 123. Let c(v) = -86*v - 3 - 4*v + 2. Calculate the remainder when c(-1) is divided by s.
20
Let x = -1541 + 2250. Calculate the remainder when x is divided by 31.
27
Suppose 3*v = -5*w + 7*w - 31, 13 = w - 2*v. Let b = 6416 + -6382. Calculate the remainder when b is divided by w.
11
Suppose 585 = -9*l + 14*l. Let j be (-2)/13 - (-18)/l. Suppose 4*i - c - 20 = j, 3*c + 5 = -5*i + 13. Calculate the remainder when 6 is divided by i.
2
Suppose m = 4*p + 23, -m + 5*m - 5*p - 59 = 0. What is the remainder when 95 is divided by m?
7
Suppose -3*y + 7 = -4*t, -t + 1 = -y + 4. Suppose 0 = h - 4 + 1. Suppose h*n + c - 4 - 6 = 0, n + 4*c - 7 = 0. Calculate the remainder when n is divided by t.
1
Suppose t + 101 - 136 = 0. Calculate the remainder when 90 is divided by t.
20
Let p(a) = 98*a - 123. What is the remainder when 390 is divided by p(2)?
25
Let i = -73 - -92. Suppose -t - 4*d + 69 + 7 = 0, -5*t = 3*d - 295. What is the remainder when t is divided by i?
18
Let i(k) = 8*k**3 - k**2 + 6*k - 3. Calculate the remainder when 410 is divided by i(2).
65
Suppose 3*b - 9*b + 18 = 0. Suppose 5*p + 10 = 0, 4*w + b*p - 74 - 172 = 0. Calculate the remainder when w is divided by 13.
11
Suppose 0 = -2*c - 3*o + 819, -35*c - 5*o + 1641 = -31*c. Calculate the remainder when c is divided by 35.
29
Let w(z) = z**2 - 6*z - 67. Calculate the remainder when 213 is divided by w(13).
21
What is the remainder when 1/(3/2736*6) is divided b